{"id":755,"date":"2016-02-25T18:47:20","date_gmt":"2016-02-25T18:47:20","guid":{"rendered":"https:\/\/www.semanasantavinaros.es\/ss\/?page_id=755"},"modified":"2025-03-25T15:54:20","modified_gmt":"2025-03-25T15:54:20","slug":"pregones","status":"publish","type":"page","link":"https:\/\/www.semanasantavinaros.es\/ss\/pregones\/","title":{"rendered":"Pregones"},"content":{"rendered":"<p class=\"textenormal\">En 1990 se inicia el Preg\u00f3n de la Semana Santa. El primer Pregonero fue el afanado Padre Mundina. Desde ese a\u00f1o el Preg\u00f3n ha tomado una gran relevancia dentro de los actos de nuestra Semana Santa.<\/p>\n<p>Estos son los pregoneros que ha tenido el honor nuestra Semana Santa, de disponer de ellos.<\/p>\n<p class=\"textenormal\"><img decoding=\"async\" loading=\"lazy\" class=\"alignnone wp-image-767\" src=\"https:\/\/www.semanasantavinaros.es\/ss\/wp-content\/uploads\/MG_1777-1024x566.jpg\" alt=\"_MG_1777\" width=\"743\" height=\"411\" srcset=\"https:\/\/www.semanasantavinaros.es\/ss\/wp-content\/uploads\/MG_1777-1024x566.jpg 1024w, https:\/\/www.semanasantavinaros.es\/ss\/wp-content\/uploads\/MG_1777-300x166.jpg 300w, https:\/\/www.semanasantavinaros.es\/ss\/wp-content\/uploads\/MG_1777-768x424.jpg 768w\" sizes=\"(max-width: 743px) 100vw, 743px\" \/><\/p>\n<p>&nbsp;<\/p>\n<p>&nbsp;<\/p>\n<table border=\"0\" width=\"100%\" cellspacing=\"5\" cellpadding=\"5\" align=\"center\">\n<tbody>\n<tr>\n<td width=\"5%\">\n<div align=\"center\"><span class=\"textenormal\">1990<\/span><\/div>\n<\/td>\n<td width=\"95%\"><span class=\"textenormal\">Padre VICENTE MUNDINA Especialista en flores.<\/span><\/td>\n<\/tr>\n<tr>\n<td>\n<div align=\"center\"><span class=\"textenormal\">1991<\/span><\/div>\n<\/td>\n<td><span class=\"textenormal\">Padre DOMINGO ESCUDER GINER.<\/span><\/td>\n<\/tr>\n<tr>\n<td>\n<div align=\"center\"><span class=\"textenormal\">1992<\/span><\/div>\n<\/td>\n<td><span class=\"textenormal\">M. Iltre. Sr. MANUEL GARC\u00cdA SANCHO Can\u00f3nigo de la Catedral de Tortosa.<\/span><\/td>\n<\/tr>\n<tr>\n<td>\n<div align=\"center\"><span class=\"textenormal\">1993<\/span><\/div>\n<\/td>\n<td><span class=\"textenormal\">Padre JOSE HERM\u00c1NDEZ VALENZUELA<\/span><\/td>\n<\/tr>\n<tr>\n<td>\n<div align=\"center\"><span class=\"textenormal\">1994<\/span><\/div>\n<\/td>\n<td><span class=\"textenormal\">M. Iltre. Sr.\u00a0SIM\u00d3N ROMERO JULIAN Can\u00f3nigo de la Catedral de Tortosa.<\/span><\/td>\n<\/tr>\n<tr>\n<td>\n<div align=\"center\"><span class=\"textenormal\">1995<\/span><\/div>\n<\/td>\n<td><span class=\"textenormal\">Padre BLAS RUIZ CANTA.<\/span><\/td>\n<\/tr>\n<tr>\n<td>\n<div align=\"center\"><span class=\"textenormal\">1996<\/span><\/div>\n<\/td>\n<td><span class=\"textenormal\">Sr. JUAN BOVER PUIG Cronista Oficial de Vinar\u00f2s y Archivero Municipal.<\/span><\/td>\n<\/tr>\n<tr>\n<td>\n<div align=\"center\"><span class=\"textenormal\">1997<\/span><\/div>\n<\/td>\n<td><span class=\"textenormal\">Muy Ilustre JOSE PAVIA\u00a0 SIMO\u00a0 Can\u00f3nigo de la Catedral de Barcelona.<\/span><\/td>\n<\/tr>\n<tr>\n<td>\n<div align=\"center\"><span class=\"textenormal\">1998<\/span><\/div>\n<\/td>\n<td><span class=\"textenormal\">Sr. JOSE LINO VIVES GRACIA Doctor en Derecho de Castell\u00f3n.<\/span><\/td>\n<\/tr>\n<tr>\n<td>\n<div align=\"center\"><span class=\"textenormal\">1999<\/span><\/div>\n<\/td>\n<td><span class=\"textenormal\">Sr. LUIS VIVES AYORA Notario.<\/span><\/td>\n<\/tr>\n<tr>\n<td>\n<div align=\"center\"><span class=\"textenormal\">2000<\/span><\/div>\n<\/td>\n<td><span class=\"textenormal\">Sr. RAM\u00d3N RED\u00d3 VIDAL Maestro.<\/span><\/td>\n<\/tr>\n<tr>\n<td>\n<div align=\"center\"><span class=\"textenormal\">2001<\/span><\/div>\n<\/td>\n<td><span class=\"textenormal\">D\u00d1A. MARIA FERNANDA PORRES FORNER Licenciada en Derecho.<\/span><\/td>\n<\/tr>\n<tr>\n<td>\n<div align=\"center\"><span class=\"textenormal\">2002<\/span><\/div>\n<\/td>\n<td><span class=\"textenormal\">Padre JOSE LUIS ARIN ROIG Vicario General de Pastoral de la Di\u00f3cesis de Tortosa.<\/span><\/td>\n<\/tr>\n<tr>\n<td>\n<div align=\"center\"><span class=\"textenormal\">2003<\/span><\/div>\n<\/td>\n<td><span class=\"textenormal\">Padre VICENTE ROYO MILIAN.<\/span><\/td>\n<\/tr>\n<tr>\n<td>\n<div align=\"center\"><span class=\"textenormal\">2004<\/span><\/div>\n<\/td>\n<td><span class=\"textenormal\">Sr. RAFAEL MINGO SOLIS Profesor de Educaci\u00f3n F\u00edsica.<\/span><\/td>\n<\/tr>\n<tr>\n<td>\n<div align=\"center\"><span class=\"textenormal\">2005<\/span><\/div>\n<\/td>\n<td><span class=\"textenormal\">Emmo. y Rvdmo. Sr.\u00a0RICARDO MARIA CARLES GORD\u00d3, Cardenal Arzobispo em\u00e9rito de Barcelona.\u00a0<\/span><\/td>\n<\/tr>\n<tr>\n<td>\n<div align=\"center\"><span class=\"textenormal\">2006<\/span><\/div>\n<\/td>\n<td><span class=\"textenormal\">Sr. ADOLFO CABADES O\u2019CALLAGHAN Cardi\u00f3logo.<\/span><\/td>\n<\/tr>\n<tr>\n<td>\n<div align=\"center\"><span class=\"textenormal\">2007<\/span><\/div>\n<\/td>\n<td><span class=\"textenormal\">Excmo. y Rvdmo. Sr. ROMAN CASANOVA CASANOVA Obispo de Vic (Barcelona).<\/span><\/td>\n<\/tr>\n<tr>\n<td>\n<div align=\"center\"><span class=\"textenormal\">2008<\/span><\/div>\n<\/td>\n<td><span class=\"textenormal\">D\u00d1A. LOLA MONFORT BADENES. Profesora de Religi\u00f3n. <\/span><\/td>\n<\/tr>\n<tr>\n<td>\n<div align=\"center\"><span class=\"textenormal\">2009<\/span><\/div>\n<\/td>\n<td><span class=\"textenormal\">Padre MIQUEL ROMERO NAVARRO. <\/span><\/td>\n<\/tr>\n<tr>\n<td>\n<div align=\"center\"><span class=\"textenormal\">2010<\/span><\/div>\n<\/td>\n<td><span class=\"textenormal\">Sr. SALVADOR QUINZ\u00c1 MACIP. Secretario Federaci\u00f3n de Cofrad\u00edas. <\/span><\/td>\n<\/tr>\n<tr>\n<td>\n<div align=\"center\"><span class=\"textenormal\">2011<\/span><\/div>\n<\/td>\n<td><span class=\"textenormal\">Excmo. y Rvdmo. Sr.\u00a0JAVIER SALINAS VI\u00d1ALS Obispo de la Diocesis de Tortosa.<\/span><\/td>\n<\/tr>\n<tr>\n<td>\n<div align=\"center\"><span class=\"textenormal\">2012<\/span><\/div>\n<\/td>\n<td><span class=\"textenormal\">Sr. SALVADOR OLIVER FOIX.<\/span><\/td>\n<\/tr>\n<tr>\n<td>\n<div align=\"center\"><span class=\"textenormal\">2013<\/span><\/div>\n<\/td>\n<td><span class=\"textenormal\">Mossen EMILI IGUAL FEBRER. P\u00e1rroco de la Parroquia de la Sant\u00edssima Trinitat de Sant Carles de la R\u00e1pita.<\/span><\/td>\n<\/tr>\n<tr>\n<td>\n<div align=\"center\"><span class=\"textenormal\">2014<\/span><\/div>\n<\/td>\n<td><span class=\"textenormal\">Sr. MANUEL MILI\u00c1N MESTRE.<\/span><\/td>\n<\/tr>\n<tr>\n<td>\n<div align=\"center\"><span class=\"textenormal\">2015<\/span><\/div>\n<\/td>\n<td><span class=\"textenormal\">Su Eminencia Reverendisima el Cardenal de Barcelona, Don LLUIS MARTINEZ SISTACH.<\/span><\/td>\n<\/tr>\n<tr>\n<td>\n<div align=\"center\"><span class=\"textenormal\">2014<\/span><\/div>\n<\/td>\n<td><span class=\"textenormal\">Sr. MANUEL MILI\u00c1N MESTRE.<\/span><\/td>\n<\/tr>\n<tr>\n<td>\n<div align=\"center\"><span class=\"textenormal\">2015<\/span><\/div>\n<\/td>\n<td>Emmo. y Rvdmo. Sr.\u00a0RICARDO MARIA CARLES GORD\u00d3, Cardenal Arzobispo em\u00e9rito de Barcelona.<\/td>\n<\/tr>\n<tr>\n<td>\n<div align=\"center\"><span class=\"textenormal\">2016<\/span><\/div>\n<\/td>\n<td>\u00a0Sr.\u00a0MANUEL ADELL ALEGRE<\/td>\n<\/tr>\n<tr>\n<td>\n<div align=\"center\"><span class=\"textenormal\">2017<\/span><\/div>\n<\/td>\n<td>\u00a0Excmo. y Rvdmo. Sr. ENRIQUE BENAVENTE VIDAL\u00a0Obispo de la Diocesis de Tortosa.<\/td>\n<\/tr>\n<tr>\n<td>\n<div align=\"center\"><span class=\"textenormal\">2018<\/span><\/div>\n<\/td>\n<td>\u00a0Sr. DAVID ROCA BIOSCA<\/td>\n<\/tr>\n<tr>\n<td>\n<div align=\"center\"><span class=\"textenormal\">2019<\/span><\/div>\n<\/td>\n<td>\u00a0Mn. VICTOR-MANUEL CARDONA EIXARCH<\/td>\n<\/tr>\n<tr>\n<td>\n<div align=\"center\"><span class=\"textenormal\">2020<\/span><\/div>\n<\/td>\n<td>\u00a0&#8212;<\/td>\n<\/tr>\n<tr>\n<td>\n<div align=\"center\"><span class=\"textenormal\">2021<\/span><\/div>\n<\/td>\n<td>\u00a0Sr.\u00a0TOM\u00c1S FERRER\u00a0CABECERAN<\/td>\n<\/tr>\n<tr>\n<td>\n<div align=\"center\"><span class=\"textenormal\">2022<\/span><\/div>\n<\/td>\n<td>Excmo. y Rvdmo. Sr. D. JAVIER VILANOVA PELLISA, Obispo auxiliar de Barcelona.<\/td>\n<\/tr>\n<tr>\n<td>\n<div align=\"center\">2023<\/div>\n<\/td>\n<td>Sra. AMPARO SALVADOR M\u00cdNGUEZ<\/td>\n<\/tr>\n<tr>\n<td>\n<div align=\"center\"><span class=\"textenormal\">2024<\/span><\/div>\n<\/td>\n<td>Mons. Sr. D. SERGI GORDO RODR\u00cdGUEZ, Bisbe de la Di\u00f3cesis de Tortosa.<\/td>\n<\/tr>\n<tr>\n<td>\n<div align=\"center\">2025<\/div>\n<\/td>\n<td>Sr. ENRIC MELI\u00c0 FORTUNA<\/td>\n<\/tr>\n<\/tbody>\n<\/table>\n","protected":false},"excerpt":{"rendered":"<p>En 1990 se inicia el Preg\u00f3n de la Semana Santa. El primer Pregonero fue el afanado Padre Mundina. Desde ese a\u00f1o el Preg\u00f3n ha tomado una gran relevancia dentro de los actos de nuestra Semana Santa. Estos son los pregoneros que ha tenido el honor nuestra Semana Santa, de disponer de ellos. &nbsp; &nbsp; 1990&nbsp;<\/p>\n<p><a class=\"btn btn-style\" href=\"https:\/\/www.semanasantavinaros.es\/ss\/pregones\/\">Continue Reading<\/a><\/p>\n","protected":false},"author":1,"featured_media":0,"parent":0,"menu_order":0,"comment_status":"closed","ping_status":"closed","template":"","meta":{"_mi_skip_tracking":false},"_links":{"self":[{"href":"https:\/\/www.semanasantavinaros.es\/ss\/wp-json\/wp\/v2\/pages\/755"}],"collection":[{"href":"https:\/\/www.semanasantavinaros.es\/ss\/wp-json\/wp\/v2\/pages"}],"about":[{"href":"https:\/\/www.semanasantavinaros.es\/ss\/wp-json\/wp\/v2\/types\/page"}],"author":[{"embeddable":true,"href":"https:\/\/www.semanasantavinaros.es\/ss\/wp-json\/wp\/v2\/users\/1"}],"replies":[{"embeddable":true,"href":"https:\/\/www.semanasantavinaros.es\/ss\/wp-json\/wp\/v2\/comments?post=755"}],"version-history":[{"count":11,"href":"https:\/\/www.semanasantavinaros.es\/ss\/wp-json\/wp\/v2\/pages\/755\/revisions"}],"predecessor-version":[{"id":1460,"href":"https:\/\/www.semanasantavinaros.es\/ss\/wp-json\/wp\/v2\/pages\/755\/revisions\/1460"}],"wp:attachment":[{"href":"https:\/\/www.semanasantavinaros.es\/ss\/wp-json\/wp\/v2\/media?parent=755"}],"curies":[{"name":"wp","href":"https:\/\/api.w.org\/{rel}","templated":true}]}}

<p class="textenormal">En 1990 se inicia el Pregón de la Semana Santa. El primer Pregonero fue el afanado Padre Mundina. Desde ese año el Pregón ha tomado una gran relevancia dentro de los actos de nuestra Semana Santa.</p>
<p>Estos son los pregoneros que ha tenido el honor nuestra Semana Santa, de disponer de ellos.</p>
<p class="textenormal"><img decoding="async" loading="lazy" class="alignnone wp-image-767" src="https://www.semanasantavinaros.es/ss/wp-content/uploads/MG_1777-1024x566.jpg" alt="_MG_1777" width="743" height="411" srcset="https://www.semanasantavinaros.es/ss/wp-content/uploads/MG_1777-1024x566.jpg 1024w, https://www.semanasantavinaros.es/ss/wp-content/uploads/MG_1777-300x166.jpg 300w, https://www.semanasantavinaros.es/ss/wp-content/uploads/MG_1777-768x424.jpg 768w" sizes="(max-width: 743px) 100vw, 743px" /></p>
<p>&nbsp;</p>
<p>&nbsp;</p>
<table border="0" width="100%" cellspacing="5" cellpadding="5" align="center">
<tbody>
<tr>
<td width="5%">
<div align="center"><span class="textenormal">1990</span></div>
</td>
<td width="95%"><span class="textenormal">Padre VICENTE MUNDINA Especialista en flores.</span></td>
</tr>
<tr>
<td>
<div align="center"><span class="textenormal">1991</span></div>
</td>
<td><span class="textenormal">Padre DOMINGO ESCUDER GINER.</span></td>
</tr>
<tr>
<td>
<div align="center"><span class="textenormal">1992</span></div>
</td>
<td><span class="textenormal">M. Iltre. Sr. MANUEL GARCÍA SANCHO Canónigo de la Catedral de Tortosa.</span></td>
</tr>
<tr>
<td>
<div align="center"><span class="textenormal">1993</span></div>
</td>
<td><span class="textenormal">Padre JOSE HERMÁNDEZ VALENZUELA</span></td>
</tr>
<tr>
<td>
<div align="center"><span class="textenormal">1994</span></div>
</td>
<td><span class="textenormal">M. Iltre. Sr. SIMÓN ROMERO JULIAN Canónigo de la Catedral de Tortosa.</span></td>
</tr>
<tr>
<td>
<div align="center"><span class="textenormal">1995</span></div>
</td>
<td><span class="textenormal">Padre BLAS RUIZ CANTA.</span></td>
</tr>
<tr>
<td>
<div align="center"><span class="textenormal">1996</span></div>
</td>
<td><span class="textenormal">Sr. JUAN BOVER PUIG Cronista Oficial de Vinaròs y Archivero Municipal.</span></td>
</tr>
<tr>
<td>
<div align="center"><span class="textenormal">1997</span></div>
</td>
<td><span class="textenormal">Muy Ilustre JOSE PAVIA  SIMO  Canónigo de la Catedral de Barcelona.</span></td>
</tr>
<tr>
<td>
<div align="center"><span class="textenormal">1998</span></div>
</td>
<td><span class="textenormal">Sr. JOSE LINO VIVES GRACIA Doctor en Derecho de Castellón.</span></td>
</tr>
<tr>
<td>
<div align="center"><span class="textenormal">1999</span></div>
</td>
<td><span class="textenormal">Sr. LUIS VIVES AYORA Notario.</span></td>
</tr>
<tr>
<td>
<div align="center"><span class="textenormal">2000</span></div>
</td>
<td><span class="textenormal">Sr. RAMÓN REDÓ VIDAL Maestro.</span></td>
</tr>
<tr>
<td>
<div align="center"><span class="textenormal">2001</span></div>
</td>
<td><span class="textenormal">DÑA. MARIA FERNANDA PORRES FORNER Licenciada en Derecho.</span></td>
</tr>
<tr>
<td>
<div align="center"><span class="textenormal">2002</span></div>
</td>
<td><span class="textenormal">Padre JOSE LUIS ARIN ROIG Vicario General de Pastoral de la Diócesis de Tortosa.</span></td>
</tr>
<tr>
<td>
<div align="center"><span class="textenormal">2003</span></div>
</td>
<td><span class="textenormal">Padre VICENTE ROYO MILIAN.</span></td>
</tr>
<tr>
<td>
<div align="center"><span class="textenormal">2004</span></div>
</td>
<td><span class="textenormal">Sr. RAFAEL MINGO SOLIS Profesor de Educación Física.</span></td>
</tr>
<tr>
<td>
<div align="center"><span class="textenormal">2005</span></div>
</td>
<td><span class="textenormal">Emmo. y Rvdmo. Sr. RICARDO MARIA CARLES GORDÓ, Cardenal Arzobispo emérito de Barcelona. </span></td>
</tr>
<tr>
<td>
<div align="center"><span class="textenormal">2006</span></div>
</td>
<td><span class="textenormal">Sr. ADOLFO CABADES O’CALLAGHAN Cardiólogo.</span></td>
</tr>
<tr>
<td>
<div align="center"><span class="textenormal">2007</span></div>
</td>
<td><span class="textenormal">Excmo. y Rvdmo. Sr. ROMAN CASANOVA CASANOVA Obispo de Vic (Barcelona).</span></td>
</tr>
<tr>
<td>
<div align="center"><span class="textenormal">2008</span></div>
</td>
<td><span class="textenormal">DÑA. LOLA MONFORT BADENES. Profesora de Religión. </span></td>
</tr>
<tr>
<td>
<div align="center"><span class="textenormal">2009</span></div>
</td>
<td><span class="textenormal">Padre MIQUEL ROMERO NAVARRO. </span></td>
</tr>
<tr>
<td>
<div align="center"><span class="textenormal">2010</span></div>
</td>
<td><span class="textenormal">Sr. SALVADOR QUINZÁ MACIP. Secretario Federación de Cofradías. </span></td>
</tr>
<tr>
<td>
<div align="center"><span class="textenormal">2011</span></div>
</td>
<td><span class="textenormal">Excmo. y Rvdmo. Sr. JAVIER SALINAS VIÑALS Obispo de la Diocesis de Tortosa.</span></td>
</tr>
<tr>
<td>
<div align="center"><span class="textenormal">2012</span></div>
</td>
<td><span class="textenormal">Sr. SALVADOR OLIVER FOIX.</span></td>
</tr>
<tr>
<td>
<div align="center"><span class="textenormal">2013</span></div>
</td>
<td><span class="textenormal">Mossen EMILI IGUAL FEBRER. Párroco de la Parroquia de la Santíssima Trinitat de Sant Carles de la Rápita.</span></td>
</tr>
<tr>
<td>
<div align="center"><span class="textenormal">2014</span></div>
</td>
<td><span class="textenormal">Sr. MANUEL MILIÁN MESTRE.</span></td>
</tr>
<tr>
<td>
<div align="center"><span class="textenormal">2015</span></div>
</td>
<td><span class="textenormal">Su Eminencia Reverendisima el Cardenal de Barcelona, Don LLUIS MARTINEZ SISTACH.</span></td>
</tr>
<tr>
<td>
<div align="center"><span class="textenormal">2014</span></div>
</td>
<td><span class="textenormal">Sr. MANUEL MILIÁN MESTRE.</span></td>
</tr>
<tr>
<td>
<div align="center"><span class="textenormal">2015</span></div>
</td>
<td>Emmo. y Rvdmo. Sr. RICARDO MARIA CARLES GORDÓ, Cardenal Arzobispo emérito de Barcelona.</td>
</tr>
<tr>
<td>
<div align="center"><span class="textenormal">2016</span></div>
</td>
<td> Sr. MANUEL ADELL ALEGRE</td>
</tr>
<tr>
<td>
<div align="center"><span class="textenormal">2017</span></div>
</td>
<td> Excmo. y Rvdmo. Sr. ENRIQUE BENAVENTE VIDAL Obispo de la Diocesis de Tortosa.</td>
</tr>
<tr>
<td>
<div align="center"><span class="textenormal">2018</span></div>
</td>
<td> Sr. DAVID ROCA BIOSCA</td>
</tr>
<tr>
<td>
<div align="center"><span class="textenormal">2019</span></div>
</td>
<td> Mn. VICTOR-MANUEL CARDONA EIXARCH</td>
</tr>
<tr>
<td>
<div align="center"><span class="textenormal">2020</span></div>
</td>
<td> &#8212;</td>
</tr>
<tr>
<td>
<div align="center"><span class="textenormal">2021</span></div>
</td>
<td> Sr. TOMÁS FERRER CABECERAN</td>
</tr>
<tr>
<td>
<div align="center"><span class="textenormal">2022</span></div>
</td>
<td>Excmo. y Rvdmo. Sr. D. JAVIER VILANOVA PELLISA, Obispo auxiliar de Barcelona.</td>
</tr>
<tr>
<td>
<div align="center">2023</div>
</td>
<td>Sra. AMPARO SALVADOR MÍNGUEZ</td>
</tr>
<tr>
<td>
<div align="center"><span class="textenormal">2024</span></div>
</td>
<td>Mons. Sr. D. SERGI GORDO RODRÍGUEZ, Bisbe de la Diócesis de Tortosa.</td>
</tr>
<tr>
<td>
<div align="center">2025</div>
</td>
<td>Sr. ENRIC MELIÀ FORTUNA</td>
</tr>
</tbody>
</table>

<p>En 1990 se inicia el Pregón de la Semana Santa. El primer Pregonero fue el afanado Padre Mundina. Desde ese año el Pregón ha tomado una gran relevancia dentro de los actos de nuestra Semana Santa. Estos son los pregoneros que ha tenido el honor nuestra Semana Santa, de disponer de ellos. &nbsp; &nbsp; 1990&nbsp;</p>
<p><a class="btn btn-style" href="https://www.semanasantavinaros.es/ss/pregones/">Continue Reading</a></p>
